{"id":974,"date":"2023-11-21T13:16:21","date_gmt":"2023-11-21T12:16:21","guid":{"rendered":"https:\/\/amblibreville.esteri.it\/?page_id=974"},"modified":"2023-11-21T13:20:25","modified_gmt":"2023-11-21T12:20:25","slug":"attualita","status":"publish","type":"page","link":"https:\/\/amblibreville.esteri.it\/it\/italia-e-gabon\/rapporti-politici\/attualita\/","title":{"rendered":"Attualita&#8217;"},"content":{"rendered":"<p>Dopo la presa del potere, il 30 agosto 2023, da parte della autorit\u00e0 militari, \u00e8 stato varato un Governo di Transizione incaricato di condurre il Paese alle prossime elezioni, previste, in via indicativa, per il mese di agosto 2025.<br \/>\nIl Parlamento della Transizione \u00e8 composto dall\u2019Assemblea Nazionale e dal Senato. La designazione dei membri delle due Camere \u00e8 avvenuta per decreto da parte del Presidente della Transizione, Gen. Oligui Nguema. Per quanto riguarda la composizione dell\u2019Assemblea, sono state designate 98 personalit\u00e0 appartenenti sia al partito dell\u2019ex-Presidente Al\u00ec Bongo che all\u2019ex-opposizione. Tra i 70 senatori nominati figurano invece membri di organizzazioni sinda-cali, esponenti della societ\u00e0 civile, rappresentanti di confessioni religiose e capi tradizionali.<br \/>\nIl Governo di Transizione \u00e8 composto da 25 Ministri. L\u2019attuale Primo Ministro \u00e8 Raymond Ndong Sima, che aveva gi\u00e0 ricoperto la carica dal 2012 al 2014 durante la Presidenza di Al\u00ec Bongo ma che poi era passato all&#8217;opposizione. Il Governo \u00e8 composto sia da ex-oppositori che da ex-sostenitori del regime uscente, ma anche da militari e da attori della societ\u00e0 civile.<br \/>\nIn attesa delle prossime elezioni, il Governo di Transizione ha annunciato un programma di riforme economiche e sociali. Il programma avrebbe come obiettivo prioritario il miglioramento delle condizioni di vita della popolazione gabonese e la promozione della giustizia sociale.<\/p>\n<p>&nbsp;<\/p>\n","protected":false},"excerpt":{"rendered":"Dopo la presa del potere, il 30 agosto 2023, da parte della autorit\u00e0 militari, \u00e8 stato varato un Governo di Transizione incaricato di condurre il Paese alle prossime elezioni, previste, in via indicativa, per il mese di agosto 2025. Il Parlamento della Transizione \u00e8 composto dall\u2019Assemblea Nazionale e dal Senato. La designazione dei membri delle [&hellip;]","protected":false},"author":5,"featured_media":0,"parent":960,"menu_order":0,"comment_status":"closed","ping_status":"closed","template":"","meta":{"footnotes":""},"class_list":["post-974","page","type-page","status-publish","hentry"],"_links":{"self":[{"href":"https:\/\/amblibreville.esteri.it\/it\/wp-json\/wp\/v2\/pages\/974","targetHints":{"allow":["GET"]}}],"collection":[{"href":"https:\/\/amblibreville.esteri.it\/it\/wp-json\/wp\/v2\/pages"}],"about":[{"href":"https:\/\/amblibreville.esteri.it\/it\/wp-json\/wp\/v2\/types\/page"}],"author":[{"embeddable":true,"href":"https:\/\/amblibreville.esteri.it\/it\/wp-json\/wp\/v2\/users\/5"}],"replies":[{"embeddable":true,"href":"https:\/\/amblibreville.esteri.it\/it\/wp-json\/wp\/v2\/comments?post=974"}],"version-history":[{"count":3,"href":"https:\/\/amblibreville.esteri.it\/it\/wp-json\/wp\/v2\/pages\/974\/revisions"}],"predecessor-version":[{"id":980,"href":"https:\/\/amblibreville.esteri.it\/it\/wp-json\/wp\/v2\/pages\/974\/revisions\/980"}],"up":[{"embeddable":true,"href":"https:\/\/amblibreville.esteri.it\/it\/wp-json\/wp\/v2\/pages\/960"}],"wp:attachment":[{"href":"https:\/\/amblibreville.esteri.it\/it\/wp-json\/wp\/v2\/media?parent=974"}],"curies":[{"name":"wp","href":"https:\/\/api.w.org\/{rel}","templated":true}]}}

<p>Dopo la presa del potere, il 30 agosto 2023, da parte della autorità militari, è stato varato un Governo di Transizione incaricato di condurre il Paese alle prossime elezioni, previste, in via indicativa, per il mese di agosto 2025.<br />
Il Parlamento della Transizione è composto dall’Assemblea Nazionale e dal Senato. La designazione dei membri delle due Camere è avvenuta per decreto da parte del Presidente della Transizione, Gen. Oligui Nguema. Per quanto riguarda la composizione dell’Assemblea, sono state designate 98 personalità appartenenti sia al partito dell’ex-Presidente Alì Bongo che all’ex-opposizione. Tra i 70 senatori nominati figurano invece membri di organizzazioni sinda-cali, esponenti della società civile, rappresentanti di confessioni religiose e capi tradizionali.<br />
Il Governo di Transizione è composto da 25 Ministri. L’attuale Primo Ministro è Raymond Ndong Sima, che aveva già ricoperto la carica dal 2012 al 2014 durante la Presidenza di Alì Bongo ma che poi era passato all&#8217;opposizione. Il Governo è composto sia da ex-oppositori che da ex-sostenitori del regime uscente, ma anche da militari e da attori della società civile.<br />
In attesa delle prossime elezioni, il Governo di Transizione ha annunciato un programma di riforme economiche e sociali. Il programma avrebbe come obiettivo prioritario il miglioramento delle condizioni di vita della popolazione gabonese e la promozione della giustizia sociale.</p>
<p>&nbsp;</p>

Dopo la presa del potere, il 30 agosto 2023, da parte della autorità militari, è stato varato un Governo di Transizione incaricato di condurre il Paese alle prossime elezioni, previste, in via indicativa, per il mese di agosto 2025. Il Parlamento della Transizione è composto dall’Assemblea Nazionale e dal Senato. La designazione dei membri delle [&hellip;]
