{"id":178,"date":"2023-04-11T17:55:33","date_gmt":"2023-04-11T16:55:33","guid":{"rendered":"https:\/\/amblibreville.esteri.it\/chi-siamo\/la-sede\/"},"modified":"2023-10-25T11:06:35","modified_gmt":"2023-10-25T10:06:35","slug":"la-sede","status":"publish","type":"page","link":"https:\/\/amblibreville.esteri.it\/fr\/chi-siamo\/la-sede\/","title":{"rendered":"Quartier g\u00e9n\u00e9ral"},"content":{"rendered":"<p>Le 26.11.1963, au lendemain de l\u2019ind\u00e9pendance, s\u2019\u00e9tablissent les relations diplomatiques entre l\u2019Italie et le Gabon.<\/p>\n<p>A partir du mois de septembre 2013 la Chancellerie est situ\u00e9e au quartier Haut de Gu\u00e8 &#8211; Gu\u00e8, tandis que la R\u00e9sidence du Chef de Mission est situ\u00e9e dans la zone de la Sabli\u00e8re.<\/p>\n<p>&nbsp;<\/p>\n","protected":false},"excerpt":{"rendered":"Le 26.11.1963, au lendemain de l\u2019ind\u00e9pendance, s\u2019\u00e9tablissent les relations diplomatiques entre l\u2019Italie et le Gabon. A partir du mois de septembre 2013 la Chancellerie est situ\u00e9e au quartier Haut de Gu\u00e8 &#8211; Gu\u00e8, tandis que la R\u00e9sidence du Chef de Mission est situ\u00e9e dans la zone de la Sabli\u00e8re. &nbsp;","protected":false},"author":1,"featured_media":0,"parent":158,"menu_order":2,"comment_status":"closed","ping_status":"closed","template":"","meta":{"footnotes":""},"class_list":["post-178","page","type-page","status-publish","hentry"],"_links":{"self":[{"href":"https:\/\/amblibreville.esteri.it\/fr\/wp-json\/wp\/v2\/pages\/178","targetHints":{"allow":["GET"]}}],"collection":[{"href":"https:\/\/amblibreville.esteri.it\/fr\/wp-json\/wp\/v2\/pages"}],"about":[{"href":"https:\/\/amblibreville.esteri.it\/fr\/wp-json\/wp\/v2\/types\/page"}],"author":[{"embeddable":true,"href":"https:\/\/amblibreville.esteri.it\/fr\/wp-json\/wp\/v2\/users\/1"}],"replies":[{"embeddable":true,"href":"https:\/\/amblibreville.esteri.it\/fr\/wp-json\/wp\/v2\/comments?post=178"}],"version-history":[{"count":2,"href":"https:\/\/amblibreville.esteri.it\/fr\/wp-json\/wp\/v2\/pages\/178\/revisions"}],"predecessor-version":[{"id":324,"href":"https:\/\/amblibreville.esteri.it\/fr\/wp-json\/wp\/v2\/pages\/178\/revisions\/324"}],"up":[{"embeddable":true,"href":"https:\/\/amblibreville.esteri.it\/fr\/wp-json\/wp\/v2\/pages\/158"}],"wp:attachment":[{"href":"https:\/\/amblibreville.esteri.it\/fr\/wp-json\/wp\/v2\/media?parent=178"}],"curies":[{"name":"wp","href":"https:\/\/api.w.org\/{rel}","templated":true}]}}

Quartier général

<p>Le 26.11.1963, au lendemain de l’indépendance, s’établissent les relations diplomatiques entre l’Italie et le Gabon.</p>
<p>A partir du mois de septembre 2013 la Chancellerie est située au quartier Haut de Guè &#8211; Guè, tandis que la Résidence du Chef de Mission est située dans la zone de la Sablière.</p>
<p>&nbsp;</p>

Le 26.11.1963, au lendemain de l’indépendance, s’établissent les relations diplomatiques entre l’Italie et le Gabon. A partir du mois de septembre 2013 la Chancellerie est située au quartier Haut de Guè &#8211; Guè, tandis que la Résidence du Chef de Mission est située dans la zone de la Sablière. &nbsp;
