{"id":177,"date":"2023-04-11T17:53:01","date_gmt":"2023-04-11T16:53:01","guid":{"rendered":"https:\/\/amblibreville.esteri.it\/chi-siamo\/lambasciatore\/"},"modified":"2024-03-11T13:19:19","modified_gmt":"2024-03-11T12:19:19","slug":"lambasciatore","status":"publish","type":"page","link":"https:\/\/amblibreville.esteri.it\/fr\/chi-siamo\/lambasciatore\/","title":{"rendered":"L&rsquo;ambassadeur"},"content":{"rendered":"<p><img loading=\"lazy\" decoding=\"async\" class=\"alignright size-medium wp-image-1029 img-fluid\" src=\"https:\/\/amblibreville.esteri.it\/wp-content\/uploads\/2024\/03\/IMG_20240307_125933-193x300.jpg\" alt=\"\" width=\"193\" height=\"300\" srcset=\"https:\/\/amblibreville.esteri.it\/wp-content\/uploads\/2024\/03\/IMG_20240307_125933-193x300.jpg 193w, https:\/\/amblibreville.esteri.it\/wp-content\/uploads\/2024\/03\/IMG_20240307_125933-658x1024.jpg 658w, https:\/\/amblibreville.esteri.it\/wp-content\/uploads\/2024\/03\/IMG_20240307_125933-768x1195.jpg 768w, https:\/\/amblibreville.esteri.it\/wp-content\/uploads\/2024\/03\/IMG_20240307_125933.jpg 977w\" sizes=\"auto, (max-width: 193px) 100vw, 193px\" \/><\/p>\n<p>Stefano MOSCATELLI<\/p>\n<p>CHEF DE MISSION<\/p>\n<p>N\u00e9 \u00e0 Rome le 28 novembre 1962, il est dipl\u00f4m\u00e9 en Sciences politique \u00e0 l\u2019Universit\u00e9 de Rome \u00ab La Sapienza \u00bb.<\/p>\n<p>Entr\u00e9 en carri\u00e8re diplomatique apr\u00e8s un concours pass\u00e9 le 4 mars 1991, il commence \u00e0 prester service aupr\u00e8s du Bureau VI de la Direction G\u00e9n\u00e9rale des Affaires Politiques en d\u00e9cembre 1991.<\/p>\n<p>Consul \u00e0 Maracaibo (Venezuela) le 01 aout 1995 et premier Secr\u00e9taire Commercial \u2013 puis Conseiller Commercial \u2013 \u00e0 Quito (Equateur) le 14 mai 1999.<\/p>\n<p>Rentr\u00e9 au Minist\u00e8re, il a rempli les fonctions de premier Chef de Bureau du Service de Presse et Information le 14 mai 2003.<\/p>\n<p>Consul G\u00e9n\u00e9ral \u00e0 Cordoba (Argentine) le 1\u00b0 septembre 2005. Il est promu Conseiller d\u2019Ambassade le 2 juillet 2007.<\/p>\n<p>Charg\u00e9 d\u2019Affaires avec lettre \u00e0 Harare (Zimbabwe) le 3 aout 2009. Il est confirm\u00e9 \u00e0 Harare en qualit\u00e9 d\u2019Ambassadeur le 25 mai 2012.<\/p>\n<p>Inspecteur du Minist\u00e8re et des Bureaux de l\u2019\u00e9tranger le 3 janvier 2014.<\/p>\n<p>Il est Vice-Directeur G\u00e9n\u00e9ral pour l\u2019Administration, l\u2019Informatique et les communications cumulativement avec les fonctions de Vicaire\/Directeur Central pour l\u2019Informatique et les communications d\u00e8s le 27 octobre 2014.<\/p>\n<p>Il est promu Ministre Pl\u00e9nipotentiaire \u00e0 compter le 2 janvier 2016.<\/p>\n<p>Ambassadeur \u00e0 Asmara (\u00c9rythr\u00e9e) le 18 octobre 2016.<\/p>\n<p>Sous la tutelle directe du Chef de service pour les Affaires Juridique, du Contentieux diplomatique et des trait\u00e9s le 18 septembre 2020.<\/p>\n<p>Chef de Mission pr\u00e8s l\u2019Ambassade d\u2019Italie \u00e0 Libreville(Gabon) depuis le 9 octobre 2023 et Ambassadeur aupr\u00e8s de la CEEAC\/ECCAS depuis le 9 octobre 2023.<\/p>\n<p>Chevalier de l\u2019Ordre du M\u00e9rite de la R\u00e9publique.<\/p>\n","protected":false},"excerpt":{"rendered":"Stefano MOSCATELLI CHEF DE MISSION N\u00e9 \u00e0 Rome le 28 novembre 1962, il est dipl\u00f4m\u00e9 en Sciences politique \u00e0 l\u2019Universit\u00e9 de Rome \u00ab La Sapienza \u00bb. Entr\u00e9 en carri\u00e8re diplomatique apr\u00e8s un concours pass\u00e9 le 4 mars 1991, il commence \u00e0 prester service aupr\u00e8s du Bureau VI de la Direction G\u00e9n\u00e9rale des Affaires Politiques en [&hellip;]","protected":false},"author":1,"featured_media":0,"parent":158,"menu_order":0,"comment_status":"closed","ping_status":"closed","template":"","meta":{"footnotes":""},"class_list":["post-177","page","type-page","status-publish","hentry"],"_links":{"self":[{"href":"https:\/\/amblibreville.esteri.it\/fr\/wp-json\/wp\/v2\/pages\/177","targetHints":{"allow":["GET"]}}],"collection":[{"href":"https:\/\/amblibreville.esteri.it\/fr\/wp-json\/wp\/v2\/pages"}],"about":[{"href":"https:\/\/amblibreville.esteri.it\/fr\/wp-json\/wp\/v2\/types\/page"}],"author":[{"embeddable":true,"href":"https:\/\/amblibreville.esteri.it\/fr\/wp-json\/wp\/v2\/users\/1"}],"replies":[{"embeddable":true,"href":"https:\/\/amblibreville.esteri.it\/fr\/wp-json\/wp\/v2\/comments?post=177"}],"version-history":[{"count":3,"href":"https:\/\/amblibreville.esteri.it\/fr\/wp-json\/wp\/v2\/pages\/177\/revisions"}],"predecessor-version":[{"id":1076,"href":"https:\/\/amblibreville.esteri.it\/fr\/wp-json\/wp\/v2\/pages\/177\/revisions\/1076"}],"up":[{"embeddable":true,"href":"https:\/\/amblibreville.esteri.it\/fr\/wp-json\/wp\/v2\/pages\/158"}],"wp:attachment":[{"href":"https:\/\/amblibreville.esteri.it\/fr\/wp-json\/wp\/v2\/media?parent=177"}],"curies":[{"name":"wp","href":"https:\/\/api.w.org\/{rel}","templated":true}]}}

<p><img loading="lazy" decoding="async" class="alignright size-medium wp-image-1029 img-fluid" src="https://amblibreville.esteri.it/wp-content/uploads/2024/03/IMG_20240307_125933-193x300.jpg" alt="" width="193" height="300" srcset="https://amblibreville.esteri.it/wp-content/uploads/2024/03/IMG_20240307_125933-193x300.jpg 193w, https://amblibreville.esteri.it/wp-content/uploads/2024/03/IMG_20240307_125933-658x1024.jpg 658w, https://amblibreville.esteri.it/wp-content/uploads/2024/03/IMG_20240307_125933-768x1195.jpg 768w, https://amblibreville.esteri.it/wp-content/uploads/2024/03/IMG_20240307_125933.jpg 977w" sizes="auto, (max-width: 193px) 100vw, 193px" /></p>
<p>Stefano MOSCATELLI</p>
<p>CHEF DE MISSION</p>
<p>Né à Rome le 28 novembre 1962, il est diplômé en Sciences politique à l’Université de Rome « La Sapienza ».</p>
<p>Entré en carrière diplomatique après un concours passé le 4 mars 1991, il commence à prester service auprès du Bureau VI de la Direction Générale des Affaires Politiques en décembre 1991.</p>
<p>Consul à Maracaibo (Venezuela) le 01 aout 1995 et premier Secrétaire Commercial – puis Conseiller Commercial – à Quito (Equateur) le 14 mai 1999.</p>
<p>Rentré au Ministère, il a rempli les fonctions de premier Chef de Bureau du Service de Presse et Information le 14 mai 2003.</p>
<p>Consul Général à Cordoba (Argentine) le 1° septembre 2005. Il est promu Conseiller d’Ambassade le 2 juillet 2007.</p>
<p>Chargé d’Affaires avec lettre à Harare (Zimbabwe) le 3 aout 2009. Il est confirmé à Harare en qualité d’Ambassadeur le 25 mai 2012.</p>
<p>Inspecteur du Ministère et des Bureaux de l’étranger le 3 janvier 2014.</p>
<p>Il est Vice-Directeur Général pour l’Administration, l’Informatique et les communications cumulativement avec les fonctions de Vicaire/Directeur Central pour l’Informatique et les communications dès le 27 octobre 2014.</p>
<p>Il est promu Ministre Plénipotentiaire à compter le 2 janvier 2016.</p>
<p>Ambassadeur à Asmara (Érythrée) le 18 octobre 2016.</p>
<p>Sous la tutelle directe du Chef de service pour les Affaires Juridique, du Contentieux diplomatique et des traités le 18 septembre 2020.</p>
<p>Chef de Mission près l’Ambassade d’Italie à Libreville(Gabon) depuis le 9 octobre 2023 et Ambassadeur auprès de la CEEAC/ECCAS depuis le 9 octobre 2023.</p>
<p>Chevalier de l’Ordre du Mérite de la République.</p>

Stefano MOSCATELLI CHEF DE MISSION Né à Rome le 28 novembre 1962, il est diplômé en Sciences politique à l’Université de Rome « La Sapienza ». Entré en carrière diplomatique après un concours passé le 4 mars 1991, il commence à prester service auprès du Bureau VI de la Direction Générale des Affaires Politiques en [&hellip;]
